{"id":88,"date":"2023-11-30T13:57:02","date_gmt":"2023-11-30T13:57:02","guid":{"rendered":"https:\/\/klovborg.mit-hosting01.dk\/?page_id=88"},"modified":"2023-12-01T09:09:38","modified_gmt":"2023-12-01T09:09:38","slug":"gaardene","status":"publish","type":"page","link":"https:\/\/klovborg.mit-hosting01.dk\/index.php\/gaardene\/","title":{"rendered":"G\u00e5rdene"},"content":{"rendered":"<div data-colibri-id=\"88-c1\" class=\"style-363 style-local-88-c1 position-relative\">\n  <!---->\n  <div data-colibri-component=\"section\" data-colibri-id=\"88-c2\" id=\"custom\" class=\"h-section h-section-global-spacing d-flex align-items-lg-center align-items-md-center align-items-center style-396 style-local-88-c2 position-relative\">\n    <!---->\n    <!---->\n    <div class=\"h-section-grid-container h-section-boxed-container\">\n      <!---->\n      <div data-colibri-id=\"88-c3\" class=\"h-row-container gutters-row-lg-2 gutters-row-md-2 gutters-row-0 gutters-row-v-lg-2 gutters-row-v-md-2 gutters-row-v-2 style-400 style-local-88-c3 position-relative\">\n        <!---->\n        <div class=\"h-row justify-content-lg-center justify-content-md-center justify-content-center align-items-lg-stretch align-items-md-stretch align-items-stretch gutters-col-lg-2 gutters-col-md-2 gutters-col-0 gutters-col-v-lg-2 gutters-col-v-md-2 gutters-col-v-2\">\n          <!---->\n          <div class=\"h-column h-column-container d-flex h-col-lg-auto h-col-md-auto h-col-auto style-401-outer style-local-88-c4-outer\">\n            <div data-colibri-id=\"88-c4\" class=\"d-flex h-flex-basis h-column__inner h-px-lg-2 h-px-md-2 h-px-2 v-inner-lg-2 v-inner-md-2 v-inner-2 style-401 style-local-88-c4 position-relative\">\n              <!---->\n              <!---->\n              <div class=\"w-100 h-y-container h-column__content h-column__v-align flex-basis-100 align-self-lg-start align-self-md-start align-self-start\">\n                <!---->\n                <div data-colibri-id=\"88-c5\" class=\"page-title style-402 style-local-88-c5 position-relative h-element\">\n                  <!---->\n                  <div class=\"h-page-title__outer style-402-outer style-local-88-c5-outer\">\n                    <div class=\"h-global-transition-all\"><span><h1 style='margin-bottom:0'>G\u00e5rdene<\/h1><\/span><\/div>\n                  <\/div>\n                <\/div>\n              <\/div>\n            <\/div>\n          <\/div>\n        <\/div>\n      <\/div>\n      <div data-colibri-id=\"88-c6\" class=\"h-row-container gutters-row-lg-2 gutters-row-md-2 gutters-row-0 gutters-row-v-lg-2 gutters-row-v-md-2 gutters-row-v-2 style-397 style-local-88-c6 position-relative\">\n        <!---->\n        <div class=\"h-row justify-content-lg-center justify-content-md-center justify-content-center align-items-lg-stretch align-items-md-stretch align-items-stretch gutters-col-lg-2 gutters-col-md-2 gutters-col-0 gutters-col-v-lg-2 gutters-col-v-md-2 gutters-col-v-2\">\n          <!---->\n          <div class=\"h-column h-column-container d-flex h-col-lg-auto h-col-md-auto h-col-auto style-398-outer style-local-88-c7-outer\">\n            <div data-colibri-id=\"88-c7\" class=\"d-flex h-flex-basis h-column__inner h-px-lg-2 h-px-md-2 h-px-2 v-inner-lg-2 v-inner-md-2 v-inner-2 style-398 style-local-88-c7 position-relative\">\n              <!---->\n              <!---->\n              <div class=\"w-100 h-y-container h-column__content h-column__v-align flex-basis-100 align-self-lg-start align-self-md-start align-self-start\">\n                <!---->\n                <div data-colibri-id=\"88-c8\" class=\"h-text h-text-component style-399 style-local-88-c8 position-relative h-element\">\n                  <!---->\n                  <!---->\n                  <div class=\"\">\n                    <p>2020\/2021 blev der lavet en st\u00f8rre \u00e6ndring i Klovborg kompagniet, Niels og Joan blev eneejer, og vi opl\u00f8ste I\/S som havde k\u00f8rt i 15 \u00e5r til vores fulde tilfredshed. Tiden var den rette, jeg var blevet lidt mere voksen, og Niels n\u00e5et\n                      de 40 \u00e5r, vores swap var til ende og Klovborg var virkelig p\u00e5 ret kurs.<\/p>\n                    <p>Niels overtog alle aktiver, uden at der skulle penge ud af landbruget. Lis og jeg havde lavet pensioner, som fint kunne d\u00e6kke, hvad der var behov for resten af vores tid. Min eneste betingelse var, at jeg kunne forts\u00e6tte min aktive\n                      deltagelse i fremtidig drift, hvilket betyder at jeg stadig har ansvaret for, hvor vi bor samt bogholderiet.<\/p>\n                    <p>Alt dette var en udl\u00f8ber af strategi 2023, hvor det var en af de 3 kasser. N\u00e6ste var en beslutning om at v\u00e6re blandt top10 med det vi g\u00f8r, og til sidst at opdyrke alliancer og samarbejder med andre, som kunne gavne og optimere Klovborg.<\/p>\n                    <p>Tiden g\u00e5r, og de 2 f\u00f8rste \u00e5r efter har virkelig vist, at det var en god beslutning, der blev taget tilbage i 2020, aldrig har vi haft bedre \u00f8konomiske resultater, hvilket er en fantastisk ballast for Niels.<\/p>\n                    <p>Vi k\u00f8rer videre af v\u00e6kst sporet, den gamle l\u00e6re med, at vi skal v\u00e6kste 5% om \u00e5ret er ikke glemt. Der er nu omkring 1400 k\u00f8er p\u00e5 de 2 malkeejendomme og en masse opdr\u00e6t. Som noget nyt inseminerer<\/p>\n                    <p>vi halvdelen af k\u00f8erne med Angus og laver dermed nogle dyr til slagtning ved 2 \u00e5rs alderen. Gennem de seneste 5-6 \u00e5r har vi brugt udelukkende k\u00f8nssorteret s\u00e6d og fik dermed kun hundyr, hvoraf vi kunne s\u00e6lge halvdelen til eksport eller\n                      hjemme markedet. Dette kom i nogen modvind ved Corona epidemien, vi \u00e6ndrede derfor strategi, og efter Ruslands invasion af Ukraine er vi g\u00e5et det sidste stykke.<\/p>\n                    <p>Samtidig har vi udvidet samarbejdet med Viking genetik, hvor vi hver uge f\u00e5r indlagt nogle befrugtede \u00e6g af top genetikken indenfor Dansk jersey i nogle af vores kvier. Disse kalve bliver der taget en gentest af og blandt disse findes\n                      nogle af de bedste topdyr til fremtidig avl. Dermed \u00f8ges generationsskiftet med mange procenter til gl\u00e6de for os alle. De hundyr, som bruges til at tage befrugtede \u00e6g fra ,k\u00f8ber vi s\u00e5 af Viking efter endt brug. Dermed vil vores genmasse\n                      \u00f8ges hurtig i positiv retning.<\/p>\n                    <p>Markbruget \u00f8ges ogs\u00e5 i disse \u00e5r. Vi har behov for mere jord for at dyrke foder nok, ligesom vi gerne vil have noget korn ind i s\u00e6dskiftet, herved bliver der mulighed for at lave de nye gr\u00e6smarker om efter\u00e5ret, hvilket er en stor fordel.<\/p>\n                    <p>Til at hj\u00e6lpe os i marken er Jesper Larsen kommet ind, s\u00e5 der bliver bedre styr p\u00e5 afvanding og rettidighed med s\u00e5ning og spr\u00f8jtning, i det hele taget overblikket med marken. Jesper har nogle maskiner,<\/p>\n                    <p>da han driver en del jord selv. Resten varetages i vid mulig omfang af Jerslev Maskinstation.<\/p>\n                    <p>\n                      <br>\n                    <\/p>\n                  <\/div>\n                <\/div>\n              <\/div>\n            <\/div>\n          <\/div>\n        <\/div>\n      <\/div>\n    <\/div>\n  <\/div>\n<\/div>","protected":false},"excerpt":{"rendered":"<p>2020\/2021 blev der lavet en st\u00f8rre \u00e6ndring i Klovborg kompagniet, Niels og Joan blev eneejer, og vi opl\u00f8ste I\/S som havde k\u00f8rt i 15 \u00e5r til vores fulde tilfredshed. Tiden var den rette, jeg var blevet lidt mere voksen, og Niels n\u00e5et de 40 \u00e5r, vores swap var til ende og Klovborg var virkelig p\u00e5 [&hellip;]<\/p>\n","protected":false},"author":1,"featured_media":0,"parent":0,"menu_order":0,"comment_status":"closed","ping_status":"closed","template":"page-templates\/full-width-page.php","meta":{"footnotes":""},"_links":{"self":[{"href":"https:\/\/klovborg.mit-hosting01.dk\/index.php\/wp-json\/wp\/v2\/pages\/88"}],"collection":[{"href":"https:\/\/klovborg.mit-hosting01.dk\/index.php\/wp-json\/wp\/v2\/pages"}],"about":[{"href":"https:\/\/klovborg.mit-hosting01.dk\/index.php\/wp-json\/wp\/v2\/types\/page"}],"author":[{"embeddable":true,"href":"https:\/\/klovborg.mit-hosting01.dk\/index.php\/wp-json\/wp\/v2\/users\/1"}],"replies":[{"embeddable":true,"href":"https:\/\/klovborg.mit-hosting01.dk\/index.php\/wp-json\/wp\/v2\/comments?post=88"}],"version-history":[{"count":4,"href":"https:\/\/klovborg.mit-hosting01.dk\/index.php\/wp-json\/wp\/v2\/pages\/88\/revisions"}],"predecessor-version":[{"id":515,"href":"https:\/\/klovborg.mit-hosting01.dk\/index.php\/wp-json\/wp\/v2\/pages\/88\/revisions\/515"}],"wp:attachment":[{"href":"https:\/\/klovborg.mit-hosting01.dk\/index.php\/wp-json\/wp\/v2\/media?parent=88"}],"curies":[{"name":"wp","href":"https:\/\/api.w.org\/{rel}","templated":true}]}}