{"id":642,"date":"2023-12-01T09:28:50","date_gmt":"2023-12-01T09:28:50","guid":{"rendered":"https:\/\/klovborg.mit-hosting01.dk\/?page_id=642"},"modified":"2023-12-01T09:30:36","modified_gmt":"2023-12-01T09:30:36","slug":"solceller","status":"publish","type":"page","link":"https:\/\/klovborg.mit-hosting01.dk\/index.php\/solceller\/","title":{"rendered":"Solceller"},"content":{"rendered":"<div data-colibri-id=\"642-c1\" class=\"style-618 style-local-642-c1 position-relative\">\n  <!---->\n  <div data-colibri-component=\"section\" data-colibri-id=\"642-c2\" id=\"custom\" class=\"h-section h-section-global-spacing d-flex align-items-lg-center align-items-md-center align-items-center style-619 style-local-642-c2 position-relative\">\n    <!---->\n    <!---->\n    <div class=\"h-section-grid-container h-section-boxed-container\">\n      <!---->\n      <div data-colibri-id=\"642-c3\" class=\"h-row-container gutters-row-lg-2 gutters-row-md-2 gutters-row-0 gutters-row-v-lg-2 gutters-row-v-md-2 gutters-row-v-2 style-620 style-local-642-c3 position-relative\">\n        <!---->\n        <div class=\"h-row justify-content-lg-center justify-content-md-center justify-content-center align-items-lg-stretch align-items-md-stretch align-items-stretch gutters-col-lg-2 gutters-col-md-2 gutters-col-0 gutters-col-v-lg-2 gutters-col-v-md-2 gutters-col-v-2\">\n          <!---->\n          <div class=\"h-column h-column-container d-flex h-col-lg-auto h-col-md-auto h-col-auto style-621-outer style-local-642-c4-outer\">\n            <div data-colibri-id=\"642-c4\" class=\"d-flex h-flex-basis h-column__inner h-px-lg-2 h-px-md-2 h-px-2 v-inner-lg-2 v-inner-md-2 v-inner-2 style-621 style-local-642-c4 position-relative\">\n              <!---->\n              <!---->\n              <div class=\"w-100 h-y-container h-column__content h-column__v-align flex-basis-100 align-self-lg-start align-self-md-start align-self-start\">\n                <!---->\n                <div data-colibri-id=\"642-c5\" class=\"page-title style-622 style-local-642-c5 position-relative h-element\">\n                  <!---->\n                  <div class=\"h-page-title__outer style-622-outer style-local-642-c5-outer\">\n                    <div class=\"h-global-transition-all\"><span><h1 style='margin-bottom:0'>Solceller<\/h1><\/span><\/div>\n                  <\/div>\n                <\/div>\n                <div data-colibri-id=\"642-c6\" class=\"d-block style-623 style-local-642-c6 position-relative h-element\">\n                  <!---->\n                  <div class=\"h-image__frame-container-outer\">\n                    <div class=\"h-image__frame-container\">\n                      <!---->\n                      <!---->\n                      <img loading=\"lazy\" decoding=\"async\" width=\"480\" height=\"320\" src=\"https:\/\/klovborg.mit-hosting01.dk\/wp-content\/uploads\/2023\/12\/IMG_1472.jpg\" class=\"wp-image-645 style-623-image style-local-642-c6-image\" alt=\"\" srcset=\"https:\/\/klovborg.mit-hosting01.dk\/wp-content\/uploads\/2023\/12\/IMG_1472.jpg 480w, https:\/\/klovborg.mit-hosting01.dk\/wp-content\/uploads\/2023\/12\/IMG_1472-300x200.jpg 300w\" sizes=\"(max-width: 480px) 100vw, 480px\" \/>\n                      <div class=\"h-image__frame h-hide-lg h-hide-md h-hide-sm style-623-frameImage style-local-642-c6-frameImage\"><\/div>\n                    <\/div>\n                  <\/div>\n                <\/div>\n                <div data-colibri-id=\"642-c7\" class=\"h-text h-text-component style-624 style-local-642-c7 position-relative h-element\">\n                  <!---->\n                  <!---->\n                  <div class=\"\">\n                    <p>I 2017 lagde vi et areal p\u00e5 ca. 12.000 kvadratmeter ud til solceller.<\/p>\n                    <p>Solcellerne er eget af \u00d8ster Br\u00f8nderslev fjernvarme, mens de har lejet jorden af os i en 20 \u00e5rig periode. Det er \u00d8ster Br\u00f8nderslev fjernvarme der st\u00e5r for den daglige drift af parken.<\/p>\n                    <p>Deres funktiom er at give varme til \u00d8ster Br\u00f8nderslev p\u00e5 solrige dage.<\/p>\n                    <p>De er placeret lige op af vores bygningss\u00e6t p\u00e5 Klovborg. S\u00e5 tager man cyklen ud p\u00e5 Taksvej, s\u00e5 kan man ikke undg\u00e5 at ligge m\u00e6rke til dem.<\/p>\n                    <p>En super fin m\u00e5de, at indg\u00e5 et samarbejde med de lokale omgivelser.<\/p>\n                    <p>\n                      <br>\n                    <\/p>\n                  <\/div>\n                <\/div>\n                <div data-colibri-id=\"642-c8\" class=\"d-block style-625 style-local-642-c8 position-relative h-element\">\n                  <!---->\n                  <div class=\"h-image__frame-container-outer\">\n                    <div class=\"h-image__frame-container\">\n                      <!---->\n                      <!---->\n                      <img loading=\"lazy\" decoding=\"async\" width=\"320\" height=\"480\" src=\"https:\/\/klovborg.mit-hosting01.dk\/wp-content\/uploads\/2023\/12\/IMG_1473.jpg\" class=\"wp-image-646 style-625-image style-local-642-c8-image\" alt=\"\" srcset=\"https:\/\/klovborg.mit-hosting01.dk\/wp-content\/uploads\/2023\/12\/IMG_1473.jpg 320w, https:\/\/klovborg.mit-hosting01.dk\/wp-content\/uploads\/2023\/12\/IMG_1473-200x300.jpg 200w\" sizes=\"(max-width: 320px) 100vw, 320px\" \/>\n                      <div class=\"h-image__frame h-hide-lg h-hide-md h-hide-sm style-625-frameImage style-local-642-c8-frameImage\"><\/div>\n                    <\/div>\n                  <\/div>\n                <\/div>\n              <\/div>\n            <\/div>\n          <\/div>\n        <\/div>\n      <\/div>\n    <\/div>\n  <\/div>\n<\/div>","protected":false},"excerpt":{"rendered":"<p>I 2017 lagde vi et areal p\u00e5 ca. 12.000 kvadratmeter ud til solceller. Solcellerne er eget af \u00d8ster Br\u00f8nderslev fjernvarme, mens de har lejet jorden af os i en 20 \u00e5rig periode. Det er \u00d8ster Br\u00f8nderslev fjernvarme der st\u00e5r for den daglige drift af parken. Deres funktiom er at give varme til \u00d8ster Br\u00f8nderslev p\u00e5 [&hellip;]<\/p>\n","protected":false},"author":1,"featured_media":0,"parent":0,"menu_order":0,"comment_status":"closed","ping_status":"closed","template":"page-templates\/full-width-page.php","meta":{"footnotes":""},"_links":{"self":[{"href":"https:\/\/klovborg.mit-hosting01.dk\/index.php\/wp-json\/wp\/v2\/pages\/642"}],"collection":[{"href":"https:\/\/klovborg.mit-hosting01.dk\/index.php\/wp-json\/wp\/v2\/pages"}],"about":[{"href":"https:\/\/klovborg.mit-hosting01.dk\/index.php\/wp-json\/wp\/v2\/types\/page"}],"author":[{"embeddable":true,"href":"https:\/\/klovborg.mit-hosting01.dk\/index.php\/wp-json\/wp\/v2\/users\/1"}],"replies":[{"embeddable":true,"href":"https:\/\/klovborg.mit-hosting01.dk\/index.php\/wp-json\/wp\/v2\/comments?post=642"}],"version-history":[{"count":2,"href":"https:\/\/klovborg.mit-hosting01.dk\/index.php\/wp-json\/wp\/v2\/pages\/642\/revisions"}],"predecessor-version":[{"id":648,"href":"https:\/\/klovborg.mit-hosting01.dk\/index.php\/wp-json\/wp\/v2\/pages\/642\/revisions\/648"}],"wp:attachment":[{"href":"https:\/\/klovborg.mit-hosting01.dk\/index.php\/wp-json\/wp\/v2\/media?parent=642"}],"curies":[{"name":"wp","href":"https:\/\/api.w.org\/{rel}","templated":true}]}}