{"id":354,"date":"2023-11-30T15:04:16","date_gmt":"2023-11-30T15:04:16","guid":{"rendered":"https:\/\/klovborg.mit-hosting01.dk\/index.php\/koens-livshistorie\/"},"modified":"2023-12-01T09:15:08","modified_gmt":"2023-12-01T09:15:08","slug":"koens-livshistorie","status":"publish","type":"page","link":"https:\/\/klovborg.mit-hosting01.dk\/index.php\/koens-livshistorie\/","title":{"rendered":"Koens livshistorie"},"content":{"rendered":"<div data-colibri-id=\"354-c1\" class=\"style-524 style-local-354-c1 position-relative\">\n  <!---->\n  <div data-colibri-component=\"section\" data-colibri-id=\"354-c2\" id=\"custom\" class=\"h-section h-section-global-spacing d-flex align-items-lg-center align-items-md-center align-items-center style-525 style-local-354-c2 position-relative\">\n    <!---->\n    <!---->\n    <div class=\"h-section-grid-container h-section-boxed-container\">\n      <!---->\n      <div data-colibri-id=\"354-c3\" class=\"h-row-container gutters-row-lg-2 gutters-row-md-2 gutters-row-0 gutters-row-v-lg-2 gutters-row-v-md-2 gutters-row-v-2 style-526 style-local-354-c3 position-relative\">\n        <!---->\n        <div class=\"h-row justify-content-lg-center justify-content-md-center justify-content-center align-items-lg-stretch align-items-md-stretch align-items-stretch gutters-col-lg-2 gutters-col-md-2 gutters-col-0 gutters-col-v-lg-2 gutters-col-v-md-2 gutters-col-v-2\">\n          <!---->\n          <div class=\"h-column h-column-container d-flex h-col-lg-auto h-col-md-auto h-col-auto style-527-outer style-local-354-c4-outer\">\n            <div data-colibri-id=\"354-c4\" class=\"d-flex h-flex-basis h-column__inner h-px-lg-2 h-px-md-2 h-px-2 v-inner-lg-2 v-inner-md-2 v-inner-2 style-527 style-local-354-c4 position-relative\">\n              <!---->\n              <!---->\n              <div class=\"w-100 h-y-container h-column__content h-column__v-align flex-basis-100 align-self-lg-start align-self-md-start align-self-start\">\n                <!---->\n                <div data-colibri-id=\"354-c5\" class=\"page-title style-528 style-local-354-c5 position-relative h-element\">\n                  <!---->\n                  <div class=\"h-page-title__outer style-528-outer style-local-354-c5-outer\">\n                    <div class=\"h-global-transition-all\"><span><h1 style='margin-bottom:0'>Koens livshistorie<\/h1><\/span><\/div>\n                  <\/div>\n                <\/div>\n              <\/div>\n            <\/div>\n          <\/div>\n        <\/div>\n      <\/div>\n      <div data-colibri-id=\"354-c6\" class=\"h-row-container gutters-row-lg-2 gutters-row-md-2 gutters-row-0 gutters-row-v-lg-2 gutters-row-v-md-2 gutters-row-v-2 style-529 style-local-354-c6 position-relative\">\n        <!---->\n        <div class=\"h-row justify-content-lg-center justify-content-md-center justify-content-center align-items-lg-stretch align-items-md-stretch align-items-stretch gutters-col-lg-2 gutters-col-md-2 gutters-col-0 gutters-col-v-lg-2 gutters-col-v-md-2 gutters-col-v-2\">\n          <!---->\n          <div class=\"h-column h-column-container d-flex h-col-lg-auto h-col-md-auto h-col-auto style-530-outer style-local-354-c7-outer\">\n            <div data-colibri-id=\"354-c7\" class=\"d-flex h-flex-basis h-column__inner h-px-lg-2 h-px-md-2 h-px-2 v-inner-lg-2 v-inner-md-2 v-inner-2 style-530 style-local-354-c7 position-relative\">\n              <!---->\n              <!---->\n              <div class=\"w-100 h-y-container h-column__content h-column__v-align flex-basis-100 align-self-lg-start align-self-md-start align-self-start\">\n                <!---->\n                <div data-colibri-id=\"354-c8\" class=\"d-block style-531 style-local-354-c8 position-relative h-element\">\n                  <!---->\n                  <div class=\"h-image__frame-container-outer\">\n                    <div class=\"h-image__frame-container\">\n                      <!---->\n                      <!---->\n                      <img loading=\"lazy\" decoding=\"async\" width=\"1000\" height=\"750\" src=\"https:\/\/klovborg.mit-hosting01.dk\/wp-content\/uploads\/2023\/11\/IMG_5989_0.jpg\" class=\"wp-image-356 style-531-image style-local-354-c8-image\" alt=\"\" srcset=\"https:\/\/klovborg.mit-hosting01.dk\/wp-content\/uploads\/2023\/11\/IMG_5989_0.jpg 1000w, https:\/\/klovborg.mit-hosting01.dk\/wp-content\/uploads\/2023\/11\/IMG_5989_0-300x225.jpg 300w, https:\/\/klovborg.mit-hosting01.dk\/wp-content\/uploads\/2023\/11\/IMG_5989_0-768x576.jpg 768w\" sizes=\"(max-width: 1000px) 100vw, 1000px\" \/>\n                      <div class=\"h-image__frame h-hide-lg h-hide-md h-hide-sm style-531-frameImage style-local-354-c8-frameImage\"><\/div>\n                    <\/div>\n                  <\/div>\n                <\/div>\n                <div data-colibri-id=\"354-c9\" class=\"h-text h-text-component style-532 style-local-354-c9 position-relative h-element\">\n                  <!---->\n                  <!---->\n                  <div class=\"\">\n                    <p>Alle de k\u00f8er, vi har p\u00e5 Klovborg, samt de andre g\u00e5rde, er af racen &#8220;Jersey&#8221;.<\/p>\n                    <p>Jerseykoen er god til m\u00e6lkeproduktion, bl.a. fordi dens m\u00e6lk indeholder mere fedt, protein, flere mineraler og vitaminer end andre k\u00f8ers m\u00e6lk g\u00f8r.<\/p>\n                    <p>Racen har ogs\u00e5 den fordel, at den ikke er s\u00e5 stor som en almindelig malkeko. Det betyder, at den ikke skal have s\u00e5 meget at spise for at pr\u00e6stere. Det giver en fordel for klimaregnskabet, da man f\u00e5r mere for mindre. Det mener vi er\n                      ret b\u00e6redygtigt.<\/p>\n                    <p>Koen er det v\u00e6sentligste element i produktionen p\u00e5 Klovborg &#8211; gode k\u00f8er er lig med godt og meget m\u00e6lk, og der med et godt grundlag for indt\u00e6gt. Derfor er det ogs\u00e5 vigtigt for os, at den enkelte ko har det godt og trives.<\/p>\n                    <p>En ko lever ca. 4 &#8211; 5 \u00e5r, og det efterf\u00f8lgende beskriver de forskellige stadier i en kos liv.<\/p>\n                    <p>I stalden bliver der holdt \u00f8je med, hvorn\u00e5r de enkelte k\u00f8er er i brunst, ved hj\u00e6lp&nbsp;af&nbsp;HEATTIME. Anl\u00e6gget er et halsb\u00e5nd med indbygget chip, der registrerer koens aktivitet. Som en ekstra ting er der i dag ogs\u00e5 en registrering\n                      af koens tyggetid. Er tyggetiden uregelm\u00e6ssig, f\u00e5r vi en alarm, der indikerer, at koen skal tilses for mulig sygdom.<\/p>\n                    <p>Herefter kommer der en &#8220;Insemin\u00f8r&#8221;, og f\u00f8rer s\u00e6d fra en tyr ind i koen. De k\u00f8er, der er i brunst, bliver samlet, s\u00e5 de er klar til insemin\u00f8ren, der stort set kommer hver dag. S\u00e6den, som koen skal have, opbevares under k\u00f8l (frost) under\n                      transporten.<\/p>\n                    <p>Alle vores kvier bliver insemineret med k\u00f8n sorteret s\u00e6d s\u00e5 de kun f\u00e5r kviekalve. K\u00f8erne f\u00e5r 70 % k\u00f8n sorteret s\u00e6d. De restrende f\u00e5r Angus, som er en k\u00f8dkv\u00e6grace.e<\/p>\n                    <p>Insemin\u00f8ren renser f\u00f8rst endetarmen p\u00e5 koen. Derefter f\u00f8res s\u00e6den ind i koen. For at kunne styre det hele bliver alle dataer p\u00e5 koen registret p\u00e5 en lille computer, og bliver senere overf\u00f8rt til Klovborgs computer.<\/p>\n                    <p>Alle data p\u00e5 en ko bliver opbevaret i en database, som vi kender det fra os mennesker. Hos os hedder det CPR nummer, i ko verdenen hedder det CHR nummer.. Princippet er det samme, vi ved alt om koen.<\/p>\n                    <p>En ko g\u00e5r i ni m\u00e5neder inden den skal k\u00e6lve. I den sidste tid g\u00e5r de i &#8220;Goldstalden&#8221;, hvor de s\u00e5 k\u00e6lver. Man kan sige , at goldperioden er en form for barsel. I den tid bliver de ikke malket. Den skal &#8220;bare&#8221;restituere og g\u00f8re klar\n                      til et aktivt malkeliv, efter den har f\u00f8dt sin kalv.<\/p>\n                    <p>Koen k\u00e6lver selv for det meste. Kalven drikker selv det f\u00f8rste m\u00e6lk. Det er meget vigtigt, at kalven f\u00e5r r\u00e5m\u00e6lk fra koen, da den er f\u00f8dt uden antistoffer. Dem f\u00e5r den til geng\u00e6ld i den f\u00f8rste m\u00e6lk, s\u00e5 den er klar til livet.<\/p>\n                    <p>S\u00e5 er der kommet endnu en kalv til bestanden p\u00e5 Klovborg, det g\u00f8r der 5 gange om dagen \u00e5ret rundt.<\/p>\n                    <p>Efter 1-2 dage sammen med moderen, bliver kalven flyttet over i kalvestalden, hvor den s\u00e5 g\u00e5r til den er ca. 3\u00bd m\u00e5ned. De mindste kalve g\u00e5r enkeltvis, s\u00e5dan man bedre kan holde \u00f8je med, hvor meget de f\u00e5r at spise, samt hvordan de udvikler\n                      sig. Kalvene bliver fodret med kom\u00e6lk samt h\u00f8 og kraftfoder.<\/p>\n                    <p>Fra &#8220;vuggestuen&#8221; bliver kalvene flyttet over sammen med andre st\u00f8rre kalve til &#8221; b\u00f8rnehaven&#8221;. N\u00e5r Kalvene er ca. 1 \u00e5r gammel, er de selv klar til og blive i insemineret. Dermed \u00e6ndrer den status, og s\u00e5 er den blevet&nbsp;til kvie (en\n                      ko der ikke har f\u00f8dt).<\/p>\n                    <p>Alle kalve g\u00e5r p\u00e5 Klovborg til de er 5 m\u00e5neder, derefter kommer de p\u00e5 Fossevangen, til de er dr\u00e6gtige.<\/p>\n                    <p>De dr\u00e6gtige g\u00e5r p\u00e5 andre ejendomme. Vores antal af dr\u00e6gtige kan godt svinge lidt, da salg til eksport g\u00e5r lidt op og ned.<\/p>\n                    <p>En ko skal have en kalv om \u00e5ret for at opretholde en god m\u00e6lkeproduktion.<\/p>\n                    <p>35 provcent af k\u00f8erne bliver udskiftet over \u00e5ret. 5 procent d\u00f8r for os. Det vil ci gerne g\u00f8re bedre. vores m\u00e5l er 3,5 %.<\/p>\n                    <p>Resten g\u00e5t til Danish Crown slagteriet i Aalbor \u00d8st og bliver til hakkek\u00f8d og b\u00f8ffer.<\/p>\n                    <p>En ko k\u00e6lver i gennemsnit&nbsp;3 gange i sit liv, og derefter bliver den slagtet.<\/p>\n                    <p>\n                      <br>\n                    <\/p>\n                  <\/div>\n                <\/div>\n              <\/div>\n            <\/div>\n          <\/div>\n        <\/div>\n      <\/div>\n    <\/div>\n  <\/div>\n<\/div>","protected":false},"excerpt":{"rendered":"<p>Alle de k\u00f8er, vi har p\u00e5 Klovborg, samt de andre g\u00e5rde, er af racen &#8220;Jersey&#8221;. Jerseykoen er god til m\u00e6lkeproduktion, bl.a. fordi dens m\u00e6lk indeholder mere fedt, protein, flere mineraler og vitaminer end andre k\u00f8ers m\u00e6lk g\u00f8r. Racen har ogs\u00e5 den fordel, at den ikke er s\u00e5 stor som en almindelig malkeko. Det betyder, at [&hellip;]<\/p>\n","protected":false},"author":1,"featured_media":0,"parent":0,"menu_order":0,"comment_status":"closed","ping_status":"closed","template":"page-templates\/full-width-page.php","meta":{"footnotes":""},"_links":{"self":[{"href":"https:\/\/klovborg.mit-hosting01.dk\/index.php\/wp-json\/wp\/v2\/pages\/354"}],"collection":[{"href":"https:\/\/klovborg.mit-hosting01.dk\/index.php\/wp-json\/wp\/v2\/pages"}],"about":[{"href":"https:\/\/klovborg.mit-hosting01.dk\/index.php\/wp-json\/wp\/v2\/types\/page"}],"author":[{"embeddable":true,"href":"https:\/\/klovborg.mit-hosting01.dk\/index.php\/wp-json\/wp\/v2\/users\/1"}],"replies":[{"embeddable":true,"href":"https:\/\/klovborg.mit-hosting01.dk\/index.php\/wp-json\/wp\/v2\/comments?post=354"}],"version-history":[{"count":2,"href":"https:\/\/klovborg.mit-hosting01.dk\/index.php\/wp-json\/wp\/v2\/pages\/354\/revisions"}],"predecessor-version":[{"id":571,"href":"https:\/\/klovborg.mit-hosting01.dk\/index.php\/wp-json\/wp\/v2\/pages\/354\/revisions\/571"}],"wp:attachment":[{"href":"https:\/\/klovborg.mit-hosting01.dk\/index.php\/wp-json\/wp\/v2\/media?parent=354"}],"curies":[{"name":"wp","href":"https:\/\/api.w.org\/{rel}","templated":true}]}}