{"id":267,"date":"2023-11-30T14:44:29","date_gmt":"2023-11-30T14:44:29","guid":{"rendered":"https:\/\/klovborg.mit-hosting01.dk\/index.php\/egholm\/"},"modified":"2023-12-01T09:24:14","modified_gmt":"2023-12-01T09:24:14","slug":"egholm","status":"publish","type":"page","link":"https:\/\/klovborg.mit-hosting01.dk\/index.php\/egholm\/","title":{"rendered":"Egholm"},"content":{"rendered":"<div data-colibri-id=\"267-c1\" class=\"style-485 style-local-267-c1 position-relative\">\n  <!---->\n  <div data-colibri-component=\"section\" data-colibri-id=\"267-c2\" id=\"custom\" class=\"h-section h-section-global-spacing d-flex align-items-lg-center align-items-md-center align-items-center style-486 style-local-267-c2 position-relative\">\n    <!---->\n    <!---->\n    <div class=\"h-section-grid-container h-section-boxed-container\">\n      <!---->\n      <div data-colibri-id=\"267-c3\" class=\"h-row-container gutters-row-lg-2 gutters-row-md-2 gutters-row-0 gutters-row-v-lg-2 gutters-row-v-md-2 gutters-row-v-2 style-487 style-local-267-c3 position-relative\">\n        <!---->\n        <div class=\"h-row justify-content-lg-center justify-content-md-center justify-content-center align-items-lg-stretch align-items-md-stretch align-items-stretch gutters-col-lg-2 gutters-col-md-2 gutters-col-0 gutters-col-v-lg-2 gutters-col-v-md-2 gutters-col-v-2\">\n          <!---->\n          <div class=\"h-column h-column-container d-flex h-col-lg-auto h-col-md-auto h-col-auto style-488-outer style-local-267-c4-outer\">\n            <div data-colibri-id=\"267-c4\" class=\"d-flex h-flex-basis h-column__inner h-px-lg-2 h-px-md-2 h-px-2 v-inner-lg-2 v-inner-md-2 v-inner-2 style-488 style-local-267-c4 position-relative\">\n              <!---->\n              <!---->\n              <div class=\"w-100 h-y-container h-column__content h-column__v-align flex-basis-100 align-self-lg-start align-self-md-start align-self-start\">\n                <!---->\n                <div data-colibri-id=\"267-c5\" class=\"page-title style-489 style-local-267-c5 position-relative h-element\">\n                  <!---->\n                  <div class=\"h-page-title__outer style-489-outer style-local-267-c5-outer\">\n                    <div class=\"h-global-transition-all\"><span><h1 style='margin-bottom:0'>Egholm<\/h1><\/span><\/div>\n                  <\/div>\n                <\/div>\n                <div data-colibri-id=\"267-c6\" class=\"h-text h-text-component style-490 style-local-267-c6 position-relative h-element\">\n                  <!---->\n                  <!---->\n                  <div class=\"\">\n                    <p>Egholm projektet.<\/p>\n                    <p>Fra 2023 har vi lejet n\u00e6sten 300 ha. Gr\u00e6sjord af Egholm Vestergaard. Egholm er en \u00f8 beliggende mellem \u00c5lborg og N\u00f8rresundby i Limfjorden, og dermed er omkostningerne ved traditionel markdrift blevet for store. Derfor besluttede Jens\n                      Thomsen, som ejer Egholm Vestergaard at l\u00e6gge hele arealet ud med gr\u00e6s i 2022 , og dermed afsat nogen CO2 kvoter til \u00c5lborg lufthavn.<\/p>\n                    <p>Arealet kr\u00e6ver afgr\u00e6sning for at kunne opfylde forpligtelserne til lufthavnen, og her kom vi ind i billedet, da de mange krydsningsdyr, der kommer, nu skal fodres s\u00e5 billigt som muligt. Der har v\u00e6ret en del af dem i Vildmosen, men\n                      her \u00f8nsker staten at inddrage dem i \u00e5rene som kommer. De arealer ligger dog meget t\u00e6ttere p\u00e5 os, men det nytter ikke hvis de ikke er til r\u00e5dighed.<\/p>\n                    <p>Det er en st\u00f8rre opgave, vi er i gang med, da der ingen brugbare hegn var, s\u00e5 der skal s\u00e6ttes ca. 35 km. hegn for at have styr p\u00e5 dyrene i hele omr\u00e5de. Der kommer en masse turister til \u00f8en for at nyde naturen, hvorfor der er opsat\n                      en hel del klapl\u00e5ger, s\u00e5 der er \u00e5benhed i hele omr\u00e5det.<\/p>\n                    <p>N\u00e5r alle hegn er sat op vil der blive 10 folde med mellem 10 og 40 ha., hvor vi s\u00e5 roterer dyrene med 2 til 4 dages mellemrum. Herved f\u00e5r de nyt gr\u00e6s med j\u00e6vne mellemrum, hvilket kaldes holistisk afgr\u00e6sning. I \u00e5r er der lidt over 300\n                      dyr p\u00e5 \u00f8en, n\u00e6ste \u00e5r forventer vi, at der kan v\u00e6re 600 dyr, hvilket passer meget godt med behovet.<\/p>\n                    <p>Dyrene som afgr\u00e6sser er b\u00e5de han og hun k\u00f8n, men tyre er studet (kastreret) for at der kan v\u00e6re ro i flokken, og derfor er der ikke nogen fare ved at g\u00e5 ind i flokken. Meningen er, at de skal afgr\u00e6sse s\u00e5 l\u00e6nge som muligt og s\u00e5 p\u00e5 stald\n                      2 -3 m\u00e5neder til slut, hvor vi fodrer dem med meget stivelse. Dermed bliver de optimeret med det som kaldes intramuskul\u00e6r fedt, og dermed noget virkeligt godt k\u00f8d. Navet p\u00e5 produktet er Premium Kvier, hvor der s\u00e5 er nogle krav til\n                      v\u00e6gt, alder samt klassificering.<\/p>\n                    <p>Lars Pedersen<\/p>\n                    <p>\n                      <br>\n                    <\/p>\n                  <\/div>\n                <\/div>\n              <\/div>\n            <\/div>\n          <\/div>\n        <\/div>\n      <\/div>\n    <\/div>\n  <\/div>\n<\/div>","protected":false},"excerpt":{"rendered":"<p>Egholm projektet. Fra 2023 har vi lejet n\u00e6sten 300 ha. Gr\u00e6sjord af Egholm Vestergaard. Egholm er en \u00f8 beliggende mellem \u00c5lborg og N\u00f8rresundby i Limfjorden, og dermed er omkostningerne ved traditionel markdrift blevet for store. Derfor besluttede Jens Thomsen, som ejer Egholm Vestergaard at l\u00e6gge hele arealet ud med gr\u00e6s i 2022 , og dermed [&hellip;]<\/p>\n","protected":false},"author":1,"featured_media":0,"parent":0,"menu_order":0,"comment_status":"closed","ping_status":"closed","template":"page-templates\/full-width-page.php","meta":{"footnotes":""},"_links":{"self":[{"href":"https:\/\/klovborg.mit-hosting01.dk\/index.php\/wp-json\/wp\/v2\/pages\/267"}],"collection":[{"href":"https:\/\/klovborg.mit-hosting01.dk\/index.php\/wp-json\/wp\/v2\/pages"}],"about":[{"href":"https:\/\/klovborg.mit-hosting01.dk\/index.php\/wp-json\/wp\/v2\/types\/page"}],"author":[{"embeddable":true,"href":"https:\/\/klovborg.mit-hosting01.dk\/index.php\/wp-json\/wp\/v2\/users\/1"}],"replies":[{"embeddable":true,"href":"https:\/\/klovborg.mit-hosting01.dk\/index.php\/wp-json\/wp\/v2\/comments?post=267"}],"version-history":[{"count":3,"href":"https:\/\/klovborg.mit-hosting01.dk\/index.php\/wp-json\/wp\/v2\/pages\/267\/revisions"}],"predecessor-version":[{"id":620,"href":"https:\/\/klovborg.mit-hosting01.dk\/index.php\/wp-json\/wp\/v2\/pages\/267\/revisions\/620"}],"wp:attachment":[{"href":"https:\/\/klovborg.mit-hosting01.dk\/index.php\/wp-json\/wp\/v2\/media?parent=267"}],"curies":[{"name":"wp","href":"https:\/\/api.w.org\/{rel}","templated":true}]}}