{"id":187,"date":"2023-11-30T14:17:41","date_gmt":"2023-11-30T14:17:41","guid":{"rendered":"https:\/\/klovborg.mit-hosting01.dk\/index.php\/mosegaarden\/"},"modified":"2023-12-01T09:12:37","modified_gmt":"2023-12-01T09:12:37","slug":"mosegaarden","status":"publish","type":"page","link":"https:\/\/klovborg.mit-hosting01.dk\/index.php\/mosegaarden\/","title":{"rendered":"Moseg\u00e5rden"},"content":{"rendered":"<div data-colibri-id=\"187-c1\" class=\"style-425 style-local-187-c1 position-relative\">\n  <!---->\n  <div data-colibri-component=\"section\" data-colibri-id=\"187-c2\" id=\"custom\" class=\"h-section h-section-global-spacing d-flex align-items-lg-center align-items-md-center align-items-center style-426 style-local-187-c2 position-relative\">\n    <!---->\n    <!---->\n    <div class=\"h-section-grid-container h-section-boxed-container\">\n      <!---->\n      <div data-colibri-id=\"187-c3\" class=\"h-row-container gutters-row-lg-2 gutters-row-md-2 gutters-row-0 gutters-row-v-lg-2 gutters-row-v-md-2 gutters-row-v-2 style-429 style-local-187-c3 position-relative\">\n        <!---->\n        <div class=\"h-row justify-content-lg-center justify-content-md-center justify-content-center align-items-lg-stretch align-items-md-stretch align-items-stretch gutters-col-lg-2 gutters-col-md-2 gutters-col-0 gutters-col-v-lg-2 gutters-col-v-md-2 gutters-col-v-2\">\n          <!---->\n          <div class=\"h-column h-column-container d-flex h-col-lg-auto h-col-md-auto h-col-auto style-430-outer style-local-187-c4-outer\">\n            <div data-colibri-id=\"187-c4\" class=\"d-flex h-flex-basis h-column__inner h-px-lg-2 h-px-md-2 h-px-2 v-inner-lg-2 v-inner-md-2 v-inner-2 style-430 style-local-187-c4 position-relative\">\n              <!---->\n              <!---->\n              <div class=\"w-100 h-y-container h-column__content h-column__v-align flex-basis-100 align-self-lg-start align-self-md-start align-self-start\">\n                <!---->\n                <div data-colibri-id=\"187-c5\" class=\"page-title style-431 style-local-187-c5 position-relative h-element\">\n                  <!---->\n                  <div class=\"h-page-title__outer style-431-outer style-local-187-c5-outer\">\n                    <div class=\"h-global-transition-all\"><span><h1 style='margin-bottom:0'>Moseg\u00e5rden<\/h1><\/span><\/div>\n                  <\/div>\n                <\/div>\n              <\/div>\n            <\/div>\n          <\/div>\n        <\/div>\n      <\/div>\n      <div data-colibri-id=\"187-c6\" class=\"h-row-container gutters-row-lg-2 gutters-row-md-2 gutters-row-0 gutters-row-v-lg-2 gutters-row-v-md-2 gutters-row-v-2 style-427 style-local-187-c6 position-relative\">\n        <!---->\n        <div class=\"h-row justify-content-lg-center justify-content-md-center justify-content-center align-items-lg-stretch align-items-md-stretch align-items-stretch gutters-col-lg-2 gutters-col-md-2 gutters-col-0 gutters-col-v-lg-2 gutters-col-v-md-2 gutters-col-v-2\">\n          <!---->\n          <div class=\"h-column h-column-container d-flex h-col-lg-auto h-col-md-auto h-col-auto style-428-outer style-local-187-c7-outer\">\n            <div data-colibri-id=\"187-c7\" class=\"d-flex h-flex-basis h-column__inner h-px-lg-2 h-px-md-2 h-px-2 v-inner-lg-2 v-inner-md-2 v-inner-2 style-428 style-local-187-c7 position-relative\">\n              <!---->\n              <!---->\n              <div class=\"w-100 h-y-container h-column__content h-column__v-align flex-basis-100 align-self-lg-start align-self-md-start align-self-start\">\n                <!---->\n                <div data-colibri-id=\"187-c8\" class=\"d-block style-432 style-local-187-c8 position-relative h-element\">\n                  <!---->\n                  <div class=\"h-image__frame-container-outer\">\n                    <div class=\"h-image__frame-container\">\n                      <!---->\n                      <!---->\n                      <img loading=\"lazy\" decoding=\"async\" width=\"1263\" height=\"472\" src=\"https:\/\/klovborg.mit-hosting01.dk\/wp-content\/uploads\/2023\/11\/mosega2.jpg\" class=\"wp-image-189 style-432-image style-local-187-c8-image\" alt=\"\" srcset=\"https:\/\/klovborg.mit-hosting01.dk\/wp-content\/uploads\/2023\/11\/mosega2.jpg 1263w, https:\/\/klovborg.mit-hosting01.dk\/wp-content\/uploads\/2023\/11\/mosega2-300x112.jpg 300w, https:\/\/klovborg.mit-hosting01.dk\/wp-content\/uploads\/2023\/11\/mosega2-1024x383.jpg 1024w, https:\/\/klovborg.mit-hosting01.dk\/wp-content\/uploads\/2023\/11\/mosega2-768x287.jpg 768w\" sizes=\"(max-width: 1263px) 100vw, 1263px\" \/>\n                      <div class=\"h-image__frame h-hide-lg h-hide-md h-hide-sm style-432-frameImage style-local-187-c8-frameImage\"><\/div>\n                    <\/div>\n                  <\/div>\n                <\/div>\n                <div data-colibri-id=\"187-c9\" class=\"h-text h-text-component style-433 style-local-187-c9 position-relative h-element\">\n                  <!---->\n                  <!---->\n                  <div class=\"\">\n                    <p>P\u00e5 Moseg\u00e5rden er stuehuset lejet ud, mens vi selv bruger alle udhusene og stalden.<\/p>\n                    <p>I stalden er der 250 dr\u00e6gtige (gravide) kvier. I stalden har vi ogs\u00e5 en enkelt tyr, der hedder Bob. Det sker en gang imellem, at en kvie ikke kan blive dr\u00e6gtig med kunstig befrugtning ,og s\u00e5 tr\u00e6der Bob til. Til tider ser vi ogs\u00e5 at\n                      en aborterer dvs taber fosteret, men s\u00e5 er Bob p\u00e5 pletten og f\u00e5r kvien dr\u00e6gtig igen.<\/p>\n                    <p>\n                      <br>\n                    <\/p>\n                  <\/div>\n                <\/div>\n                <div data-colibri-id=\"187-c10\" class=\"d-block style-434 style-local-187-c10 position-relative h-element\">\n                  <!---->\n                  <div class=\"h-image__frame-container-outer\">\n                    <div class=\"h-image__frame-container\">\n                      <!---->\n                      <!---->\n                      <img loading=\"lazy\" decoding=\"async\" width=\"800\" height=\"566\" src=\"https:\/\/klovborg.mit-hosting01.dk\/wp-content\/uploads\/2023\/11\/Mosegaarden.jpg\" class=\"wp-image-190 style-434-image style-local-187-c10-image\" alt=\"\" srcset=\"https:\/\/klovborg.mit-hosting01.dk\/wp-content\/uploads\/2023\/11\/Mosegaarden.jpg 800w, https:\/\/klovborg.mit-hosting01.dk\/wp-content\/uploads\/2023\/11\/Mosegaarden-300x212.jpg 300w, https:\/\/klovborg.mit-hosting01.dk\/wp-content\/uploads\/2023\/11\/Mosegaarden-768x543.jpg 768w\" sizes=\"(max-width: 800px) 100vw, 800px\" \/>\n                      <div class=\"h-image__frame h-hide-lg h-hide-md h-hide-sm style-434-frameImage style-local-187-c10-frameImage\"><\/div>\n                    <\/div>\n                  <\/div>\n                <\/div>\n              <\/div>\n            <\/div>\n          <\/div>\n        <\/div>\n      <\/div>\n    <\/div>\n  <\/div>\n<\/div>","protected":false},"excerpt":{"rendered":"<p>P\u00e5 Moseg\u00e5rden er stuehuset lejet ud, mens vi selv bruger alle udhusene og stalden. I stalden er der 250 dr\u00e6gtige (gravide) kvier. I stalden har vi ogs\u00e5 en enkelt tyr, der hedder Bob. Det sker en gang imellem, at en kvie ikke kan blive dr\u00e6gtig med kunstig befrugtning ,og s\u00e5 tr\u00e6der Bob til. Til tider [&hellip;]<\/p>\n","protected":false},"author":1,"featured_media":0,"parent":0,"menu_order":0,"comment_status":"closed","ping_status":"closed","template":"page-templates\/full-width-page.php","meta":{"footnotes":""},"_links":{"self":[{"href":"https:\/\/klovborg.mit-hosting01.dk\/index.php\/wp-json\/wp\/v2\/pages\/187"}],"collection":[{"href":"https:\/\/klovborg.mit-hosting01.dk\/index.php\/wp-json\/wp\/v2\/pages"}],"about":[{"href":"https:\/\/klovborg.mit-hosting01.dk\/index.php\/wp-json\/wp\/v2\/types\/page"}],"author":[{"embeddable":true,"href":"https:\/\/klovborg.mit-hosting01.dk\/index.php\/wp-json\/wp\/v2\/users\/1"}],"replies":[{"embeddable":true,"href":"https:\/\/klovborg.mit-hosting01.dk\/index.php\/wp-json\/wp\/v2\/comments?post=187"}],"version-history":[{"count":3,"href":"https:\/\/klovborg.mit-hosting01.dk\/index.php\/wp-json\/wp\/v2\/pages\/187\/revisions"}],"predecessor-version":[{"id":550,"href":"https:\/\/klovborg.mit-hosting01.dk\/index.php\/wp-json\/wp\/v2\/pages\/187\/revisions\/550"}],"wp:attachment":[{"href":"https:\/\/klovborg.mit-hosting01.dk\/index.php\/wp-json\/wp\/v2\/media?parent=187"}],"curies":[{"name":"wp","href":"https:\/\/api.w.org\/{rel}","templated":true}]}}